{"id":26,"date":"2020-10-03T15:15:12","date_gmt":"2020-10-03T13:15:12","guid":{"rendered":"http:\/\/www.sabine-schrage.de\/?page_id=26"},"modified":"2024-09-19T20:57:51","modified_gmt":"2024-09-19T18:57:51","slug":"sozialkunst","status":"publish","type":"page","link":"https:\/\/www.sabine-schrage.de\/?page_id=26","title":{"rendered":"Sozialkunstprojekte"},"content":{"rendered":"\n<div class=\"is-layout-flow wp-block-group alignfull\"><div class=\"wp-block-group__inner-container\">\n<div class=\"wp-block-media-text alignwide is-stacked-on-mobile is-style-tw-overlap has-subtle-background-background-color has-background\" style=\"grid-template-columns:28% auto\"><figure class=\"wp-block-media-text__media\"><img decoding=\"async\" loading=\"lazy\" width=\"680\" height=\"680\" src=\"http:\/\/www.sabine-schrage.de\/wp-content\/uploads\/2020\/10\/farbeleben-2.jpg\" alt=\"\" class=\"wp-image-190 size-full\" srcset=\"https:\/\/www.sabine-schrage.de\/wp-content\/uploads\/2020\/10\/farbeleben-2.jpg 680w, https:\/\/www.sabine-schrage.de\/wp-content\/uploads\/2020\/10\/farbeleben-2-300x300.jpg 300w, https:\/\/www.sabine-schrage.de\/wp-content\/uploads\/2020\/10\/farbeleben-2-150x150.jpg 150w\" sizes=\"(max-width: 680px) 100vw, 680px\" \/><\/figure><div class=\"wp-block-media-text__content\">\n<p>FARBE.LEBEN.<\/p>\n\n\n\n<p>Ein Mitmach-Online-Projekt zum Farb-Erleben, zu Selbstwahrnehmung und Achtsamkeit. Sieben Wochen mit der Kamera die Umgebung erkunden, jede Woche ein neue Farbe. Schauen &#8211; machen &#8211; austauschen. Ein Projekt in Zusammenarbeit mit Francesca Cassale. Aktuelle Termine finden Sie unter <a href=\"https:\/\/kun-arto.de\">www.kun-arto.de<\/a>.<\/p>\n<\/div><\/div>\n\n\n\n<div class=\"wp-block-media-text alignwide has-media-on-the-right is-stacked-on-mobile is-style-tw-overlap has-subtle-background-background-color has-background\" style=\"grid-template-columns:auto 28%\"><div class=\"wp-block-media-text__content\">\n<p>WUNSCH-PUNKT<\/p>\n\n\n\n<p>Ein Mitmach-Projekt. Vor Ort mit Papier und Stift. Der Frage nachgehen \u201eWas brauche ich? Was braucht die Welt?\u201c. Von ganz einfachen bis zu komplexen W\u00fcnschen, f\u00fcr Jung und Alt, in Bild und Wort. Ein Projekt in Zusammenarbeit mit Francesca Cassale.<br>Fragen Sie uns gerne an, wenn Sie Interesse haben mit einer Gruppe diesen Fragen nachzugehen.<\/p>\n<\/div><figure class=\"wp-block-media-text__media\"><img decoding=\"async\" loading=\"lazy\" width=\"680\" height=\"679\" src=\"http:\/\/www.sabine-schrage.de\/wp-content\/uploads\/2020\/10\/wunsch-punkt1.jpg\" alt=\"\" class=\"wp-image-113 size-full\" srcset=\"https:\/\/www.sabine-schrage.de\/wp-content\/uploads\/2020\/10\/wunsch-punkt1.jpg 680w, https:\/\/www.sabine-schrage.de\/wp-content\/uploads\/2020\/10\/wunsch-punkt1-300x300.jpg 300w, https:\/\/www.sabine-schrage.de\/wp-content\/uploads\/2020\/10\/wunsch-punkt1-150x150.jpg 150w\" sizes=\"(max-width: 680px) 100vw, 680px\" \/><\/figure><\/div>\n<\/div><\/div>\n\n\n\n<div class=\"is-layout-flow wp-block-group alignfull\"><div class=\"wp-block-group__inner-container\">\n<div class=\"wp-block-media-text alignwide is-stacked-on-mobile is-style-tw-overlap has-subtle-background-background-color has-background\" style=\"grid-template-columns:26% auto\"><figure class=\"wp-block-media-text__media\"><img decoding=\"async\" loading=\"lazy\" width=\"680\" height=\"682\" src=\"http:\/\/www.sabine-schrage.de\/wp-content\/uploads\/2020\/10\/naturkunst.jpg\" alt=\"\" class=\"wp-image-30 size-full\" srcset=\"https:\/\/www.sabine-schrage.de\/wp-content\/uploads\/2020\/10\/naturkunst.jpg 680w, https:\/\/www.sabine-schrage.de\/wp-content\/uploads\/2020\/10\/naturkunst-300x300.jpg 300w, https:\/\/www.sabine-schrage.de\/wp-content\/uploads\/2020\/10\/naturkunst-150x150.jpg 150w\" sizes=\"(max-width: 680px) 100vw, 680px\" \/><\/figure><div class=\"wp-block-media-text__content\">\n<p>NATURKUNST. AUF DEN SPUREN VON ANDY GOLDSWORTHY<\/p>\n\n\n\n<p>Natur als inspirierende Quelle f\u00fcr Kinder. Und Erwachsene. Erfahrbar vor der Haust\u00fcr, auch in der Stadt. Ein kreativer Erfahrungsraum der Kunst und Natur verbindet. Nah &#8211; drau\u00dfen &#8211; ohne Ged\u00f6ns.<br><a href=\"http:\/\/landart.schragola.de\/\">landart.schragola.de<\/a><\/p>\n<\/div><\/div>\n<\/div><\/div>\n\n\n\n<div class=\"wp-block-media-text alignwide has-media-on-the-right is-stacked-on-mobile is-image-fill is-style-tw-overlap has-subtle-background-background-color has-background\" style=\"grid-template-columns:auto 28%\"><div class=\"wp-block-media-text__content\">\n<p>LINIEN.FL\u00c4CHEN.ONLINE<\/p>\n\n\n\n<p>Drei Wochen \u2013 drei Themen \u2013 drei Zeichenarten. Eine Einladung zum intuitiven Zeichnen am Rechner, zur entspannten Anfreundung mit Einschr\u00e4nkungen und zum Zusammenspiel mit anderen Teilnehmer*innen auf virtuellem Papier. K\u00fcnstlerische Begabung oder Vorkenntnisse sind nicht notwendig. Max. 8 Teilnehmer*innen.<\/p>\n\n\n\n<p><strong>Ben\u00f6tigte Materialien<\/strong> Computer, Laptop oder Tablet, Internetverbindung <br><br>Dieses Projekt wurde gef\u00f6rdert durch das NRW-Soforthilfe-Stipendium 2021.   <\/p>\n<\/div><figure class=\"wp-block-media-text__media\" style=\"background-image:url(http:\/\/www.sabine-schrage.de\/wp-content\/uploads\/2021\/05\/linienfla\u0308chenzeichnen.jpg);background-position:63% 50%\"><img decoding=\"async\" loading=\"lazy\" width=\"508\" height=\"250\" src=\"http:\/\/www.sabine-schrage.de\/wp-content\/uploads\/2021\/05\/linienfla\u0308chenzeichnen.jpg\" alt=\"\" class=\"wp-image-204 size-full\" srcset=\"https:\/\/www.sabine-schrage.de\/wp-content\/uploads\/2021\/05\/linienfla\u0308chenzeichnen.jpg 508w, https:\/\/www.sabine-schrage.de\/wp-content\/uploads\/2021\/05\/linienfla\u0308chenzeichnen-300x148.jpg 300w\" sizes=\"(max-width: 508px) 100vw, 508px\" \/><\/figure><\/div>\n","protected":false},"excerpt":{"rendered":"<p>FARBE.LEBEN. Ein Mitmach-Online-Projekt zum Farb-Erleben, zu Selbstwahrnehmung und Achtsamkeit. Sieben Wochen mit der Kamera die Umgebung erkunden, jede Woche ein neue Farbe. Schauen &#8211; machen &#8211; austauschen. Ein Projekt in Zusammenarbeit mit Francesca Cassale. Aktuelle Termine finden Sie unter www.kun-arto.de. WUNSCH-PUNKT Ein Mitmach-Projekt. Vor Ort mit Papier und Stift. Der Frage nachgehen \u201eWas brauche ich?&hellip;<\/p>\n","protected":false},"author":1,"featured_media":0,"parent":0,"menu_order":0,"comment_status":"closed","ping_status":"closed","template":"","meta":[],"_links":{"self":[{"href":"https:\/\/www.sabine-schrage.de\/index.php?rest_route=\/wp\/v2\/pages\/26"}],"collection":[{"href":"https:\/\/www.sabine-schrage.de\/index.php?rest_route=\/wp\/v2\/pages"}],"about":[{"href":"https:\/\/www.sabine-schrage.de\/index.php?rest_route=\/wp\/v2\/types\/page"}],"author":[{"embeddable":true,"href":"https:\/\/www.sabine-schrage.de\/index.php?rest_route=\/wp\/v2\/users\/1"}],"replies":[{"embeddable":true,"href":"https:\/\/www.sabine-schrage.de\/index.php?rest_route=%2Fwp%2Fv2%2Fcomments&post=26"}],"version-history":[{"count":15,"href":"https:\/\/www.sabine-schrage.de\/index.php?rest_route=\/wp\/v2\/pages\/26\/revisions"}],"predecessor-version":[{"id":287,"href":"https:\/\/www.sabine-schrage.de\/index.php?rest_route=\/wp\/v2\/pages\/26\/revisions\/287"}],"wp:attachment":[{"href":"https:\/\/www.sabine-schrage.de\/index.php?rest_route=%2Fwp%2Fv2%2Fmedia&parent=26"}],"curies":[{"name":"wp","href":"https:\/\/api.w.org\/{rel}","templated":true}]}}

<div class="is-layout-flow wp-block-group alignfull"><div class="wp-block-group__inner-container">
<div class="wp-block-media-text alignwide is-stacked-on-mobile is-style-tw-overlap has-subtle-background-background-color has-background" style="grid-template-columns:28% auto"><figure class="wp-block-media-text__media"><img decoding="async" loading="lazy" width="680" height="680" src="http://www.sabine-schrage.de/wp-content/uploads/2020/10/farbeleben-2.jpg" alt="" class="wp-image-190 size-full" srcset="https://www.sabine-schrage.de/wp-content/uploads/2020/10/farbeleben-2.jpg 680w, https://www.sabine-schrage.de/wp-content/uploads/2020/10/farbeleben-2-300x300.jpg 300w, https://www.sabine-schrage.de/wp-content/uploads/2020/10/farbeleben-2-150x150.jpg 150w" sizes="(max-width: 680px) 100vw, 680px" /></figure><div class="wp-block-media-text__content">
<p>FARBE.LEBEN.</p>



<p>Ein Mitmach-Online-Projekt zum Farb-Erleben, zu Selbstwahrnehmung und Achtsamkeit. Sieben Wochen mit der Kamera die Umgebung erkunden, jede Woche ein neue Farbe. Schauen &#8211; machen &#8211; austauschen. Ein Projekt in Zusammenarbeit mit Francesca Cassale. Aktuelle Termine finden Sie unter <a href="https://kun-arto.de">www.kun-arto.de</a>.</p>
</div></div>



<div class="wp-block-media-text alignwide has-media-on-the-right is-stacked-on-mobile is-style-tw-overlap has-subtle-background-background-color has-background" style="grid-template-columns:auto 28%"><div class="wp-block-media-text__content">
<p>WUNSCH-PUNKT</p>



<p>Ein Mitmach-Projekt. Vor Ort mit Papier und Stift. Der Frage nachgehen „Was brauche ich? Was braucht die Welt?“. Von ganz einfachen bis zu komplexen Wünschen, für Jung und Alt, in Bild und Wort. Ein Projekt in Zusammenarbeit mit Francesca Cassale.<br>Fragen Sie uns gerne an, wenn Sie Interesse haben mit einer Gruppe diesen Fragen nachzugehen.</p>
</div><figure class="wp-block-media-text__media"><img decoding="async" loading="lazy" width="680" height="679" src="http://www.sabine-schrage.de/wp-content/uploads/2020/10/wunsch-punkt1.jpg" alt="" class="wp-image-113 size-full" srcset="https://www.sabine-schrage.de/wp-content/uploads/2020/10/wunsch-punkt1.jpg 680w, https://www.sabine-schrage.de/wp-content/uploads/2020/10/wunsch-punkt1-300x300.jpg 300w, https://www.sabine-schrage.de/wp-content/uploads/2020/10/wunsch-punkt1-150x150.jpg 150w" sizes="(max-width: 680px) 100vw, 680px" /></figure></div>
</div></div>



<div class="is-layout-flow wp-block-group alignfull"><div class="wp-block-group__inner-container">
<div class="wp-block-media-text alignwide is-stacked-on-mobile is-style-tw-overlap has-subtle-background-background-color has-background" style="grid-template-columns:26% auto"><figure class="wp-block-media-text__media"><img decoding="async" loading="lazy" width="680" height="682" src="http://www.sabine-schrage.de/wp-content/uploads/2020/10/naturkunst.jpg" alt="" class="wp-image-30 size-full" srcset="https://www.sabine-schrage.de/wp-content/uploads/2020/10/naturkunst.jpg 680w, https://www.sabine-schrage.de/wp-content/uploads/2020/10/naturkunst-300x300.jpg 300w, https://www.sabine-schrage.de/wp-content/uploads/2020/10/naturkunst-150x150.jpg 150w" sizes="(max-width: 680px) 100vw, 680px" /></figure><div class="wp-block-media-text__content">
<p>NATURKUNST. AUF DEN SPUREN VON ANDY GOLDSWORTHY</p>



<p>Natur als inspirierende Quelle für Kinder. Und Erwachsene. Erfahrbar vor der Haustür, auch in der Stadt. Ein kreativer Erfahrungsraum der Kunst und Natur verbindet. Nah &#8211; draußen &#8211; ohne Gedöns.<br><a href="http://landart.schragola.de/">landart.schragola.de</a></p>
</div></div>
</div></div>



<div class="wp-block-media-text alignwide has-media-on-the-right is-stacked-on-mobile is-image-fill is-style-tw-overlap has-subtle-background-background-color has-background" style="grid-template-columns:auto 28%"><div class="wp-block-media-text__content">
<p>LINIEN.FLÄCHEN.ONLINE</p>



<p>Drei Wochen – drei Themen – drei Zeichenarten. Eine Einladung zum intuitiven Zeichnen am Rechner, zur entspannten Anfreundung mit Einschränkungen und zum Zusammenspiel mit anderen Teilnehmer*innen auf virtuellem Papier. Künstlerische Begabung oder Vorkenntnisse sind nicht notwendig. Max. 8 Teilnehmer*innen.</p>



<p><strong>Benötigte Materialien</strong> Computer, Laptop oder Tablet, Internetverbindung <br><br>Dieses Projekt wurde gefördert durch das NRW-Soforthilfe-Stipendium 2021.   </p>
</div><figure class="wp-block-media-text__media" style="background-image:url(http://www.sabine-schrage.de/wp-content/uploads/2021/05/linienflächenzeichnen.jpg);background-position:63% 50%"><img decoding="async" loading="lazy" width="508" height="250" src="http://www.sabine-schrage.de/wp-content/uploads/2021/05/linienflächenzeichnen.jpg" alt="" class="wp-image-204 size-full" srcset="https://www.sabine-schrage.de/wp-content/uploads/2021/05/linienflächenzeichnen.jpg 508w, https://www.sabine-schrage.de/wp-content/uploads/2021/05/linienflächenzeichnen-300x148.jpg 300w" sizes="(max-width: 508px) 100vw, 508px" /></figure></div>
